)/(-10). Let v = 14 + -4. What is the highest common divisor of l and v?
10
Let p(b) = -b**2 + 9. Let y be p(2). Calculate the highest common factor of 30 and y.
5
Let h be (3 - 4) + (-18)/(-1). Suppose -2*p = -h + 1. Suppose 0 = -3*m - 2*y - p + 43, 31 = 3*m + y. Calculate the highest common divisor of 1 and m.
1
Let c = -23 - -78. Let m = 162 + -157. Calculate the highest common divisor of m and c.
5
Let j be (-7)/((6/8)/(-3)). Let v = 44 - j. Suppose 5*r + 40 = 920. What is the highest common divisor of v and r?
16
Let x be 2 - (-1 - (-2 - -2)). Let n = x - 7. Let a be (-17)/n + 1/(-4). What is the highest common divisor of 28 and a?
4
Let o = 43 - 0. Suppose 67 = f - o. Let k(d) = d**2 - 3*d. Let q be k(5). Calculate the highest common divisor of q and f.
10
Suppose 3*i - 5*i + 10 = 0. Suppose -i*b + 2 = -t - 30, -b - 2*t + 2 = 0. Suppose -6 - 6 = -2*f. Calculate the greatest common divisor of b and f.
6
Suppose -o + 22 = -u, 0*u - 2*u = -5*o + 119. Let b = -16 + 12. Let t = b - -9. What is the greatest common factor of t and o?
5
Let m = 56 - 16. What is the highest common factor of m and 10?
10
Suppose 5*v - 43 = 27. Let m(p) = -43*p**3 - 1. Let h be m(-1). Calculate the greatest common divisor of h and v.
14
Let x be 70 + -1 + (2 - 2). Let t(k) = k**2 - 6*k + 16. Let v be t(7). What is the highest common divisor of v and x?
23
Let u = 7 - -5. Calculate the highest common factor of 4 and u.
4
Suppose -4*j - 3*u + 70 = -u, 3*u - 54 = -3*j. What is the greatest common factor of j and 153?
17
Suppose 8 = -4*o, -4*o - 18 = -0*a - 5*a. Suppose -z + 6*z - 317 = -3*p, -a = 2*p. What is the greatest common factor of z and 8?
8
Suppose m + 0*m + 2 = 0. Let u be (-6)/m + 372/6. Calculate the greatest common divisor of 13 and u.
13
Let h(m) = -m**3 - 7*m**2 - m - 4. Let q be h(-7). Suppose -5*a = -l + 15, 4*a + 58 - 13 = q*l. Calculate the greatest common divisor of l and 45.
15
Suppose 0 = 23*s - 19*s - 12. Calculate the greatest common divisor of 1 and s.
1
Let l(h) = 31*h + 7. Let f be l(3). Calculate the highest common divisor of 20 and f.
20
Let r be (-3)/2*8/(-6). Let c(w) = -w**3 + 4*w**2 - w - 1. Let n be c(r). Let g be (4 - (1 + 6))*-5. What is the highest common factor of n and g?
5
Let j be 5/4 + 2/(-8). Let d(z) be the second derivative of 2*z**3/3 + 2*z. Let b be d(j). What is the greatest common factor of b and 44?
4
Let r(b) = -b**2 + 15*b - 10. Let t be r(14). What is the highest common divisor of t and 3?
1
Let f = -7 - -11. Suppose p + 2*w = 9, w = f - 1. Calculate the greatest common factor of p and 12.
3
Let a = -3 + 0. Let j = a + 12. Let p(q) = q**2 - 4*q. Let r be p(-5). What is the highest common divisor of r and j?
9
Suppose 16 = -2*h + 3*h - 5*l, 4*l + 2 = 2*h. Let p = h - -34. Let o = 4 - -1. Calculate the greatest common factor of o and p.
5
Let k be (-1)/(((-2)/(-562))/(-1)). Suppose -732 = -2*t + 64. Let x = t - k. What is the greatest common factor of 13 and x?
13
Suppose -6*g + 68 = -2*g - 4*j, 3*g - 49 = 5*j. What is the greatest common divisor of 198 and g?
18
Let t = 10 - 7. Suppose t*q = 15 - 0. Calculate the highest common divisor of q and 25.
5
Suppose 8*j - 201 = 247. Calculate the highest common factor of j and 8.
8
Let w be (15/(-10)*(-74 - 0))/1. Calculate the greatest common divisor of 37 and w.
37
Let x = -64 + 8. Let w = x + 80. What is the highest common divisor of w and 16?
8
Let i(f) = 4*f**2 - 6*f - 1. Let s be i(-4). Let n = 153 - s. Let l(h) = -2*h. Let k be l(-3). Calculate the highest common factor of k and n.
6
Let m be (2/2 + 1)/(-1). Let w be 4*(-1)/m*4. Let o be ((-16)/2)/((-3)/27). Calculate the greatest common divisor of o and w.
8
Let b be (-33)/(-11) + (-1 - -6). Calculate the greatest common factor of 12 and b.
4
Suppose 18 = z + 3*j - 6*j, 3 = -j. Let d = 12 - z. What is the highest common factor of d and 1?
1
Suppose 0 = 16*m - 15*m - 30. Calculate the greatest common divisor of 6 and m.
6
Let o be (2/(-4))/((-2)/148). Let z = o + -4. What is the highest common factor of z and 3?
3
Let c = -31 - -58. Suppose 3*n - c = 72. Calculate the greatest common factor of n and 3.
3
Let j(y) = -40*y**3 - y**2 - y. Let p be j(-1). Suppose -k - 3*c + 19 = k, -40 = -5*k - 5*c. Calculate the greatest common divisor of p and k.
5
Suppose 5*v + k = 15, 2*k = -5*v + 4*k. Suppose -b = -v*b - 45. Let s = -21 - b. Calculate the highest common factor of 6 and s.
6
Let b be (63/(-15))/(4/20). Let g = b - -101. Calculate the greatest common divisor of 16 and g.
16
Suppose -4*x = -2*z + 12, 2*z - 3*x = 3*z - 16. Let g(i) = i**3 - 2*i**2 + 5. Let t be g(5). Calculate the greatest common factor of t and z.
10
Let f(d) = -d**3 - d**2 + d + 40. Let c be f(0). Suppose -g = -18 - c. What is the greatest common factor of 29 and g?
29
Suppose -42*a + 4 = -41*a. What is the greatest common factor of a and 2?
2
Suppose 5*n - 532 + 127 = 0. Let b = n - 26. Calculate the greatest common divisor of 22 and b.
11
Let v = 144 - 107. Calculate the highest common factor of 185 and v.
37
Let u be (10/(-4))/(-5)*-28. Let c = u + 58. Suppose 2*h + c = 4*h. Calculate the highest common divisor of 55 and h.
11
Let x(p) = p**2 - 9*p - 3. Let z be x(10). Let y(v) = -v + 1. Let f be y(-6). What is the highest common divisor of z and f?
7
Let k = -9 + 6. Let w = k + 4. Let z be (3 - 2)/(w/4). Calculate the highest common factor of z and 44.
4
Let s = -7 + 16. Let v = 67 + -31. What is the highest common factor of v and s?
9
Let q be -1 + 3 + 1*2. Suppose -q*a = 4 - 0. Let p be (-2 - a)/(3/(-51)). What is the greatest common factor of 85 and p?
17
Suppose 3*r + 210 = 6*r. Suppose r = 4*o + o. Suppose -j + o = -6. What is the highest common factor of j and 4?
4
Let n(w) = -w**2 + 12*w - 4. Let h be n(5). What is the highest common divisor of h and 248?
31
Let i be 65/4 - 15/(-20). Suppose -5*k = 2*f - 38, 17 + i = 4*k - 2*f. Calculate the highest common divisor of k and 40.
8
Let a(l) = l + 1. Let v be a(1). Suppose v*w = 3 + 1. Calculate the greatest common divisor of w and 22.
2
Suppose -169 = -5*t + 26. Let q = 21 - -119. Suppose -4*f - 5*s = f - q, 0 = 5*f - 3*s - 124. What is the greatest common factor of f and t?
13
Let p(x) = x**3 + x**2 - x + 2. Let i be p(2). Suppose -n + 2*q = -18, 0*n + n - 3*q - 21 = 0. What is the greatest common factor of i and n?
12
Let f be -49 + -4 + 2 - 2. Let w = -38 - f. What is the greatest common factor of 60 and w?
15
Let t(p) = -p**3 + 2*p**2 + p. Let x be t(-1). Suppose -6*g + 112 = -x*g. What is the highest common factor of 4 and g?
4
Let c be 2/3 - 8/(-6). Suppose c*n - 5*n = -255. Calculate the greatest common divisor of n and 34.
17
Suppose -u + 5 = 0, 3*c - 5*c + u + 7 = 0. Let b be (c/(-9))/((-3)/135). Let j = 175 + -100. What is the highest common factor of b and j?
15
Suppose 0 = -s + 4 + 2. Let o(r) = -20*r + 2. Let m be o(-2). What is the highest common divisor of s and m?
6
Let a be 8/20*64 + 2/5. What is the greatest common divisor of a and 2?
2
Suppose 6*x = 2*x + 12. Let n(y) = 4*y + 2. Let c be n(x). Calculate the highest common divisor of c and 98.
14
Let a(j) = 5*j**3 - 3*j**2 + 2*j - 2. Let c be a(2). Let f be 8 + -6 + 2 + -1. What is the highest common factor of c and f?
3
Let b be (2 + -9 - -2) + -1. Let c be (1 - 2)*(b - 0). Let d = 1 + c. What is the highest common factor of d and 14?
7
Suppose -355 = -4*m + 437. Calculate the highest common factor of m and 22.
22
Let g(d) be the third derivative of -d**4/24 + 15*d**3/2 - 2*d**2. Let c be g(0). Suppose 89 = 5*h + 14. What is the highest common divisor of h and c?
15
Let w(c) = 2*c**2 - 3*c - 4. Let v(f) = -f - 5. Let i be v(-9). Let x be w(i). What is the greatest common factor of 2 and x?
2
Suppose 4*q - 124 = 4*b, 2*q - 3*q = b - 37. Let w = -20 + q. Suppose -3*z - 21 + 189 = 0. Calculate the greatest common divisor of z and w.
14
Let g be (-6)/(-15) + 196/10. What is the greatest common factor of 50 and g?
10
Let s be 253 - -1*3/(-3). Calculate the greatest common divisor of 36 and s.
36
Let t be 300/(-9) + (-4)/(-12). Let m = t + 93. Let i be -3*2*-1*2. Calculate the highest common divisor of i and m.
12
Let n = -22 - -50. Suppose -8 = -2*x - n. Let b be (-37)/(-5) + x/25. Calculate the highest common factor of 14 an